 15 and 105.
15
Calculate the highest common divisor of 497 and 213.
71
Calculate the highest common divisor of 2626 and 78.
26
Calculate the highest common factor of 123 and 8979.
123
What is the greatest common factor of 6 and 86?
2
What is the highest common factor of 135 and 65?
5
What is the greatest common factor of 28 and 266?
14
Calculate the greatest common factor of 16 and 1760.
16
Calculate the greatest common factor of 1204 and 84.
28
Calculate the highest common factor of 5263 and 38.
19
Calculate the highest common factor of 374 and 2343.
11
Calculate the greatest common divisor of 67 and 4623.
67
Calculate the highest common divisor of 72 and 30.
6
What is the greatest common factor of 26797 and 127?
127
What is the highest common factor of 3971 and 11?
11
What is the highest common divisor of 333 and 45?
9
Calculate the highest common divisor of 306 and 2.
2
What is the greatest common divisor of 1038 and 5363?
173
Calculate the greatest common divisor of 477 and 9.
9
What is the highest common factor of 9 and 1?
1
What is the greatest common divisor of 3324 and 12?
12
Calculate the highest common factor of 24 and 312.
24
Calculate the greatest common factor of 49 and 119.
7
What is the greatest common divisor of 143 and 26?
13
What is the highest common divisor of 6129 and 454?
227
Calculate the highest common divisor of 30 and 350.
10
Calculate the greatest common factor of 364 and 84.
28
Calculate the highest common divisor of 44 and 1738.
22
What is the greatest common divisor of 90 and 17130?
30
What is the greatest common factor of 21122 and 236?
118
What is the greatest common factor of 60 and 800?
20
What is the highest common divisor of 448 and 576?
64
Calculate the greatest common divisor of 2534 and 84.
14
What is the highest common factor of 28282 and 237?
79
Calculate the highest common divisor of 105 and 35.
35
Calculate the highest common factor of 325 and 13.
13
What is the greatest common divisor of 3 and 1437?
3
Calculate the highest common factor of 28 and 238.
14
Calculate the greatest common factor of 774 and 54.
18
Calculate the highest common factor of 36 and 639.
9
What is the highest common factor of 1144 and 208?
104
What is the greatest common factor of 2365 and 121?
11
Calculate the greatest common factor of 46 and 121854.
46
Calculate the greatest common divisor of 54 and 7281.
9
What is the highest common divisor of 105 and 875?
35
What is the greatest common factor of 50 and 2190?
10
What is the greatest common factor of 688 and 86?
86
What is the greatest common divisor of 935 and 165?
55
What is the greatest common factor of 8679 and 99?
33
What is the greatest common divisor of 11339 and 34?
17
What is the highest common factor of 798 and 14?
14
Calculate the highest common divisor of 318 and 18391.
53
What is the greatest common divisor of 121 and 77?
11
Calculate the highest common factor of 3503 and 93.
31
Calculate the greatest common factor of 2 and 577.
1
Calculate the greatest common factor of 70 and 32410.
70
Calculate the greatest common factor of 15159 and 372.
93
Calculate the greatest common divisor of 90 and 78.
6
What is the highest common factor of 14 and 882?
14
Calculate the greatest common factor of 114 and 3610.
38
Calculate the greatest common divisor of 27 and 1161.
27
Calculate the greatest common factor of 75 and 57.
3
What is the highest common factor of 608 and 2048?
32
Calculate the greatest common factor of 6962 and 2124.
118
Calculate the highest common factor of 777 and 42.
21
What is the highest common divisor of 36 and 81?
9
What is the highest common divisor of 2678 and 234?
26
Calculate the highest common factor of 4511 and 5205.
347
What is the greatest common divisor of 31 and 158131?
31
What is the highest common divisor of 9 and 75?
3
What is the highest common factor of 2176 and 17?
17
What is the highest common divisor of 316 and 8?
4
Calculate the highest common divisor of 234 and 26.
26
What is the greatest common divisor of 147 and 42?
21
What is the greatest common factor of 54 and 30?
6
Calculate the highest common factor of 36543 and 78.
39
What is the highest common factor of 11 and 4939?
11
Calculate the highest common divisor of 994 and 1846.
142
Calculate the greatest common factor of 88 and 2442.
22
What is the greatest common divisor of 23 and 368?
23
What is the highest common factor of 1469 and 520?
13
What is the greatest common divisor of 68 and 85?
17
What is the greatest common divisor of 4 and 58?
2
What is the greatest common factor of 816 and 612?
204
What is the greatest common divisor of 1152 and 12288?
384
What is the highest common divisor of 4 and 92?
4
What is the greatest common factor of 30 and 126?
6
What is the highest common divisor of 11 and 1991?
11
What is the greatest common factor of 234 and 954?
18
Calculate the highest common factor of 288 and 396.
36
What is the greatest common factor of 8160 and 238?
34
What is the highest common factor of 120 and 184?
8
What is the greatest common divisor of 56 and 42?
14
What is the highest common divisor of 104 and 507?
13
What is the highest common factor of 112 and 912?
16
Calculate the highest common factor of 112 and 13944.
56
Calculate the highest common factor of 103 and 20497.
103
What is the highest common factor of 152 and 1102?
38
What is the highest common divisor of 235 and 65?
5
What is the greatest common factor of 6912 and 54?
54
What is the highest common factor of 48 and 408?
24
What is the greatest common divisor of 16 and 6832?
16
Calculate the greatest common factor of 38415 and 390.
195
What is the highest common divisor of 493 and 29?
29
What is the highest common divisor of 812 and 28?
28
What is the greatest common divisor of 4650 and 558?
186
What is the greatest common factor of 33 and 55?
11
Calculate the highest common divisor of 155 and 31.
31
Calculate the greatest common factor of 322 and 621.
23
What is the greatest common factor of 117 and 1638?
117
Calculate the highest common factor of 198 and 18.
18
Calculate the highest common factor of 11 and 341.
11
What is the greatest common divisor of 427 and 549?
61
What is the greatest common factor of 4103 and 11?
11
What is the highest common divisor of 145 and 58?
29
Calculate the highest common factor of 208 and 2834.
26
Calculate the greatest common factor of 2097 and 9.
9
What is the greatest common divisor of 7 and 1211?
7
Calculate the highest common factor of 66 and 33.
33
What is the highest common factor of 8 and 168?
8
What is the greatest common divisor of 422 and 2?
2
Calculate the greatest common divisor of 10 and 270.
10
Calculate the greatest common factor of 611 and 1598.
47
Calculate the greatest common divisor of 480 and 600.
120
Calculate the highest common divisor of 39 and 897.
39
Calculate the greatest common factor of 451 and 22.
11
What is the greatest common divisor of 24 and 1688?
8
What is the highest common factor of 90 and 198?
18
Calculate the greatest common divisor of 200 and 110.
10
Calculate the highest common divisor of 165 and 675.
15
Calculate the greatest common divisor of 180 and 36.
36
Calculate the greatest common factor of 108 and 3996.
108
Calculate the greatest common divisor of 475 and 19.
19
Calculate the greatest common divisor of 1 and 4.
1
What is the highest common factor of 770 and 28?
14
Calculate the greatest common factor of 351 and 156.
39
Calculate the highest common divisor of 511 and 133.
7
Calculate the greatest common divisor of 84 and 35.
7
Calculate the greatest common divisor of 43 and 731.
43
Calculate the highest common divisor of 238 and 154.
14
What is the greatest common factor of 632 and 7426?
158
Calculate the greatest common divisor of 41 and 16441.
41
Calculate the highest common divisor of 201 and 335.
67
What is the highest common divisor of 1739 and 94?
47
What is the greatest common divisor of 510 and 10?
10
Calculate the highest common factor of 101855 and 65.
65
What is the highest common divisor of 132 and 77?
11
Calculate the greatest common divisor of 3422 and 174.
58
Calculate the greatest common divisor of 42 and 16884.
42
Calculate the greatest common factor of 92 and 20.
4
What is the greatest common divisor of 8